{"id":110,"date":"2025-08-07T13:19:28","date_gmt":"2025-08-07T13:19:28","guid":{"rendered":"https:\/\/sbi.bw-media.saarland\/?page_id=110"},"modified":"2025-08-25T09:54:54","modified_gmt":"2025-08-25T09:54:54","slug":"aussenwandabdichtung","status":"publish","type":"page","link":"https:\/\/sbi.bw-media.saarland\/?page_id=110","title":{"rendered":"Aussenwandabdichtung"},"content":{"rendered":"<div class=\"\" style=\"\" >\n    \n    <section class=\"u-clearfix u-valign-bottom-lg u-valign-bottom-md u-valign-bottom-sm u-valign-bottom-xs u-section-2\" id=\"block-1\">\n      <img decoding=\"async\" class=\"u-expanded-width u-image u-image-default u-image-1\" src=\"https:\/\/sbi.bw-media.saarland\/wp-content\/uploads\/2025\/08\/ausenwandabdichtung.jpg\" alt=\"\" data-image-width=\"1269\" data-image-height=\"314\">\n      <h1 class=\"u-text u-text-default u-text-white u-text-1\">Aussenwandabdichtung<\/h1>\n      <p class=\"u-text u-text-default u-text-white u-text-2\">Unser Spezialgebiet<\/p>\n      <img decoding=\"async\" class=\"u-expanded-width u-image u-image-default u-image-2\" src=\"https:\/\/sbi.bw-media.saarland\/wp-content\/uploads\/2025\/08\/photo-1694378060976-66ee61c4f427-3.jpeg\" alt=\"\" data-image-width=\"1080\" data-image-height=\"706\">\n      <h5 class=\"u-align-center u-text u-text-custom-color-3 u-text-3\"> SBI GmbH Roland Ke\u00dfler&nbsp;<b>|<\/b>&nbsp;Poststrasse 15&nbsp;<b>|<\/b>&nbsp;66822 Lebach&nbsp;<b>|<\/b>&nbsp;06881 \/ 9627070 | B\u00fcro von 8:00 Uhr - 12:00 Uhr<br>\n      <\/h5>\n      <img decoding=\"async\" class=\"u-image u-image-default u-image-3\" src=\"https:\/\/sbi.bw-media.saarland\/wp-content\/uploads\/2025\/08\/ausen_1.jpg\" alt=\"\" data-image-width=\"1200\" data-image-height=\"1600\">\n      <h1 class=\"u-text u-text-custom-color-2 u-text-default u-text-4\"> Aussenwandabdichtung<\/h1>\n      <p class=\"u-text u-text-5\"> Nach mehreren Jahren oder durch mangelhaft ausgef\u00fchrte Aussenabdichtung kann das, sich im Erdreich befindende, Mauerwerk eines Bauwerkes durchfeuchtet werden. Eine nachtr\u00e4gliche Innenabdichtung sollte vertikal und horizontal ausgef\u00fchrt werden. <br>Oftmals stellen wir w\u00e4hrend den Erdarbeiten bzw vor Beginn der \u00d6ffnungen, undichte, <br>falsch angeschlossene oder gar fehlende Kan\u00e4le fest. Aus diesem Grund wird oft vor <br>Beginn der Arbeiten eine Verfilmung der Kan\u00e4le und Drainage ausgef\u00fchrt. Das Baujahr sowie die Bauweise spielen eine gro\u00dfe Rolle wie eine Au\u00dfenwandabdichtung ausgef\u00fchrt werden muss. Neubauabdichtungen werden nach der DIN 18533 hergestellt. Die Erdarbeiten erden mit firmeneigenen Baumaschinen ausgef\u00fchrt\n      <\/p>\n      <img decoding=\"async\" class=\"u-image u-image-default u-image-4\" src=\"https:\/\/sbi.bw-media.saarland\/wp-content\/uploads\/2025\/08\/ausen_2.jpg\" alt=\"\" data-image-width=\"1200\" data-image-height=\"900\">\n      <img decoding=\"async\" class=\"u-image u-image-default u-image-5\" src=\"https:\/\/sbi.bw-media.saarland\/wp-content\/uploads\/2025\/08\/ausen_3.jpg\" alt=\"\" data-image-width=\"1200\" data-image-height=\"900\">\n      <img decoding=\"async\" class=\"u-image u-image-default u-image-6\" src=\"https:\/\/sbi.bw-media.saarland\/wp-content\/uploads\/2025\/08\/ausen_4.jpg\" alt=\"\" data-image-width=\"1200\" data-image-height=\"900\">\n      <img decoding=\"async\" class=\"u-image u-image-default u-image-7\" src=\"https:\/\/sbi.bw-media.saarland\/wp-content\/uploads\/2025\/08\/ausen_5.jpg\" alt=\"\" data-image-width=\"1200\" data-image-height=\"900\">\n      <img decoding=\"async\" class=\"u-expanded-width u-image u-image-default u-image-8\" src=\"https:\/\/sbi.bw-media.saarland\/wp-content\/uploads\/2025\/08\/photo-1694378060976-66ee61c4f427-3.jpeg\" alt=\"\" data-image-width=\"1080\" data-image-height=\"706\">\n    <\/section>\n    \n    \n    \n    \n  \n<\/div>","protected":false},"excerpt":{"rendered":"<p>Aussenwandabdichtung Unser Spezialgebiet SBI GmbH Roland Ke\u00dfler&nbsp;|&nbsp;Poststrasse 15&nbsp;|&nbsp;66822 Lebach&nbsp;|&nbsp;06881 \/ 9627070 | B\u00fcro von 8:00 Uhr &#8211; 12:00 Uhr Aussenwandabdichtung Nach mehreren Jahren oder durch mangelhaft ausgef\u00fchrte Aussenabdichtung kann das, sich im Erdreich befindende, Mauerwerk eines Bauwerkes durchfeuchtet werden. Eine nachtr\u00e4gliche Innenabdichtung sollte vertikal und horizontal ausgef\u00fchrt werden. Oftmals stellen wir w\u00e4hrend den Erdarbeiten bzw [&hellip;]<\/p>\n","protected":false},"author":2,"featured_media":0,"parent":0,"menu_order":0,"comment_status":"closed","ping_status":"closed","template":"","meta":{"footnotes":""},"class_list":["post-110","page","type-page","status-publish","hentry"],"yoast_head":"<!-- This site is optimized with the Yoast SEO plugin v25.6 - https:\/\/yoast.com\/wordpress\/plugins\/seo\/ -->\n<title>Aussenwandabdichtung - SBI<\/title>\n<meta name=\"robots\" content=\"index, follow, max-snippet:-1, max-image-preview:large, max-video-preview:-1\" \/>\n<link rel=\"canonical\" href=\"https:\/\/sbi.bw-media.saarland\/?page_id=110\" \/>\n<meta property=\"og:locale\" content=\"de_DE\" \/>\n<meta property=\"og:type\" content=\"article\" \/>\n<meta property=\"og:title\" content=\"Aussenwandabdichtung - SBI\" \/>\n<meta property=\"og:description\" content=\"Aussenwandabdichtung Unser Spezialgebiet SBI GmbH Roland Ke\u00dfler&nbsp;|&nbsp;Poststrasse 15&nbsp;|&nbsp;66822 Lebach&nbsp;|&nbsp;06881 \/ 9627070 | B\u00fcro von 8:00 Uhr - 12:00 Uhr Aussenwandabdichtung Nach mehreren Jahren oder durch mangelhaft ausgef\u00fchrte Aussenabdichtung kann das, sich im Erdreich befindende, Mauerwerk eines Bauwerkes durchfeuchtet werden. Eine nachtr\u00e4gliche Innenabdichtung sollte vertikal und horizontal ausgef\u00fchrt werden. Oftmals stellen wir w\u00e4hrend den Erdarbeiten bzw [&hellip;]\" \/>\n<meta property=\"og:url\" content=\"https:\/\/sbi.bw-media.saarland\/?page_id=110\" \/>\n<meta property=\"og:site_name\" content=\"SBI\" \/>\n<meta property=\"article:modified_time\" content=\"2025-08-25T09:54:54+00:00\" \/>\n<meta name=\"twitter:card\" content=\"summary_large_image\" \/>\n<script type=\"application\/ld+json\" class=\"yoast-schema-graph\">{\"@context\":\"https:\/\/schema.org\",\"@graph\":[{\"@type\":\"WebPage\",\"@id\":\"https:\/\/sbi.bw-media.saarland\/?page_id=110\",\"url\":\"https:\/\/sbi.bw-media.saarland\/?page_id=110\",\"name\":\"Aussenwandabdichtung - SBI\",\"isPartOf\":{\"@id\":\"https:\/\/sbi.bw-media.saarland\/#website\"},\"datePublished\":\"2025-08-07T13:19:28+00:00\",\"dateModified\":\"2025-08-25T09:54:54+00:00\",\"breadcrumb\":{\"@id\":\"https:\/\/sbi.bw-media.saarland\/?page_id=110#breadcrumb\"},\"inLanguage\":\"de\",\"potentialAction\":[{\"@type\":\"ReadAction\",\"target\":[\"https:\/\/sbi.bw-media.saarland\/?page_id=110\"]}]},{\"@type\":\"BreadcrumbList\",\"@id\":\"https:\/\/sbi.bw-media.saarland\/?page_id=110#breadcrumb\",\"itemListElement\":[{\"@type\":\"ListItem\",\"position\":1,\"name\":\"Startseite\",\"item\":\"https:\/\/sbi.bw-media.saarland\/\"},{\"@type\":\"ListItem\",\"position\":2,\"name\":\"Aussenwandabdichtung\"}]},{\"@type\":\"WebSite\",\"@id\":\"https:\/\/sbi.bw-media.saarland\/#website\",\"url\":\"https:\/\/sbi.bw-media.saarland\/\",\"name\":\"SBI\",\"description\":\"\",\"potentialAction\":[{\"@type\":\"SearchAction\",\"target\":{\"@type\":\"EntryPoint\",\"urlTemplate\":\"https:\/\/sbi.bw-media.saarland\/?s={search_term_string}\"},\"query-input\":{\"@type\":\"PropertyValueSpecification\",\"valueRequired\":true,\"valueName\":\"search_term_string\"}}],\"inLanguage\":\"de\"}]}<\/script>\n<!-- \/ Yoast SEO plugin. -->","yoast_head_json":{"title":"Aussenwandabdichtung - SBI","robots":{"index":"index","follow":"follow","max-snippet":"max-snippet:-1","max-image-preview":"max-image-preview:large","max-video-preview":"max-video-preview:-1"},"canonical":"https:\/\/sbi.bw-media.saarland\/?page_id=110","og_locale":"de_DE","og_type":"article","og_title":"Aussenwandabdichtung - SBI","og_description":"Aussenwandabdichtung Unser Spezialgebiet SBI GmbH Roland Ke\u00dfler&nbsp;|&nbsp;Poststrasse 15&nbsp;|&nbsp;66822 Lebach&nbsp;|&nbsp;06881 \/ 9627070 | B\u00fcro von 8:00 Uhr - 12:00 Uhr Aussenwandabdichtung Nach mehreren Jahren oder durch mangelhaft ausgef\u00fchrte Aussenabdichtung kann das, sich im Erdreich befindende, Mauerwerk eines Bauwerkes durchfeuchtet werden. Eine nachtr\u00e4gliche Innenabdichtung sollte vertikal und horizontal ausgef\u00fchrt werden. Oftmals stellen wir w\u00e4hrend den Erdarbeiten bzw [&hellip;]","og_url":"https:\/\/sbi.bw-media.saarland\/?page_id=110","og_site_name":"SBI","article_modified_time":"2025-08-25T09:54:54+00:00","twitter_card":"summary_large_image","schema":{"@context":"https:\/\/schema.org","@graph":[{"@type":"WebPage","@id":"https:\/\/sbi.bw-media.saarland\/?page_id=110","url":"https:\/\/sbi.bw-media.saarland\/?page_id=110","name":"Aussenwandabdichtung - SBI","isPartOf":{"@id":"https:\/\/sbi.bw-media.saarland\/#website"},"datePublished":"2025-08-07T13:19:28+00:00","dateModified":"2025-08-25T09:54:54+00:00","breadcrumb":{"@id":"https:\/\/sbi.bw-media.saarland\/?page_id=110#breadcrumb"},"inLanguage":"de","potentialAction":[{"@type":"ReadAction","target":["https:\/\/sbi.bw-media.saarland\/?page_id=110"]}]},{"@type":"BreadcrumbList","@id":"https:\/\/sbi.bw-media.saarland\/?page_id=110#breadcrumb","itemListElement":[{"@type":"ListItem","position":1,"name":"Startseite","item":"https:\/\/sbi.bw-media.saarland\/"},{"@type":"ListItem","position":2,"name":"Aussenwandabdichtung"}]},{"@type":"WebSite","@id":"https:\/\/sbi.bw-media.saarland\/#website","url":"https:\/\/sbi.bw-media.saarland\/","name":"SBI","description":"","potentialAction":[{"@type":"SearchAction","target":{"@type":"EntryPoint","urlTemplate":"https:\/\/sbi.bw-media.saarland\/?s={search_term_string}"},"query-input":{"@type":"PropertyValueSpecification","valueRequired":true,"valueName":"search_term_string"}}],"inLanguage":"de"}]}},"_links":{"self":[{"href":"https:\/\/sbi.bw-media.saarland\/index.php?rest_route=\/wp\/v2\/pages\/110","targetHints":{"allow":["GET"]}}],"collection":[{"href":"https:\/\/sbi.bw-media.saarland\/index.php?rest_route=\/wp\/v2\/pages"}],"about":[{"href":"https:\/\/sbi.bw-media.saarland\/index.php?rest_route=\/wp\/v2\/types\/page"}],"author":[{"embeddable":true,"href":"https:\/\/sbi.bw-media.saarland\/index.php?rest_route=\/wp\/v2\/users\/2"}],"replies":[{"embeddable":true,"href":"https:\/\/sbi.bw-media.saarland\/index.php?rest_route=%2Fwp%2Fv2%2Fcomments&post=110"}],"version-history":[{"count":4,"href":"https:\/\/sbi.bw-media.saarland\/index.php?rest_route=\/wp\/v2\/pages\/110\/revisions"}],"predecessor-version":[{"id":154,"href":"https:\/\/sbi.bw-media.saarland\/index.php?rest_route=\/wp\/v2\/pages\/110\/revisions\/154"}],"wp:attachment":[{"href":"https:\/\/sbi.bw-media.saarland\/index.php?rest_route=%2Fwp%2Fv2%2Fmedia&parent=110"}],"curies":[{"name":"wp","href":"https:\/\/api.w.org\/{rel}","templated":true}]}}